 - -6).
0
What is the value of (6 - (2 - -1)) + 1?
4
What is the value of 10 + -10 + 6 + 1?
7
What is the value of 1 - -7 - (-16 - (-22 - -5))?
7
Calculate -5 - -2 - (0 - 3 - -5).
-5
What is 0 + (-2 - (2 - -1)) + 2?
-3
What is -7 + 20 + -16 - -10?
7
What is the value of -4 + -2 + -19 + 11 + 9?
-5
What is -15 + 1 - (6 - 14)?
-6
-6 + 9 + -5 + -3
-5
What is the value of -5 - -1 - -1 - (-4 - 1)?
2
What is 3 + (6 - 4 - 5)?
0
0 + 5 + 0 + -9
-4
Evaluate 3 + -5 - (-2 + -2 + 0).
2
Calculate -11 + 14 + 4 + 0.
7
What is the value of -3 + 2 + (-4 - -9 - 0)?
4
What is 18 + -3 + -6 + -4?
5
Evaluate (-32 - -32) + 2 + 0.
2
Evaluate -1 + (10 - (0 - -16)).
-7
What is the value of -2 + 4 + -9 - -4?
-3
What is -5 + 6 - (0 - -6) - -3?
-2
2 + -5 + 6 - -1
4
What is 1 - -3 - (2 - (5 + -2))?
5
0 + (0 + -1 - -6)
5
Evaluate -5 + 9 + -3 - (2 - -2).
-3
14 - (24 + 2 - 1)
-11
What is 5 + -1 + 0 - (6 - 5)?
3
Evaluate 11 + -4 + (-5 - -1).
3
8 - 11 - -4 - (1 + 3)
-3
(-1 - -6) + 0 - (92 - 81)
-6
Calculate 7 + (14 - (-3 - -19)).
5
What is -12 + -1 + -1 + 9?
-5
Calculate (2 - (-4 + 3)) + -6.
-3
Evaluate (-4 - 0) + (-28 - -30).
-2
0 + -6 + 1 + 6
1
(4 - 3) + (-11 - -14) + 0
4
Evaluate -4 + (14 + -3 - 6).
1
Calculate 15 + 8 - 21 - (-4 - 1).
7
What is the value of 2 + 11 + (4 - 17)?
0
What is 0 - 7 - (-44 + 36) - 10?
-9
Evaluate 0 + 1 + -1 - (29 - 29).
0
What is -8 + (9 + -2 - 4)?
-5
What is the value of 0 - (5 + 3) - -1 - -4?
-3
Calculate 3 + (2 - (-3 - -1)) + -12.
-5
Evaluate -4 + 2 + -2 - (0 + -1).
-3
What is the value of 2 + (-4 - (1 + -2))?
-1
(-1 - 8) + 8 - -6
5
What is the value of (4 + -5 - -3) + -2?
0
What is the value of 3 - (-2 + 0 - (-5 - -2))?
2
What is 3 - (-6 - -4) - 5?
0
Calculate -3 - (-5 + 5 + -5).
2
5 + (-6 - (-3 + 1))
1
Evaluate 0 + 9 - (-132 + 151).
-10
What is (1 + -6 - (0 + -2)) + 8?
5
Calculate 1 + 2 + (-6 - -7) - 8.
-4
(-5 - (-5 - 1)) + (-6 - -10)
5
What is -1 + -8 - (-16 - -11)?
-4
1 - 2 - (-1 - 3)
3
What is (-1 - -3) + (-7 - -2) - -4?
1
Evaluate (-5 - -6) + (-8 - -5).
-2
What is (4 - ((7 - 4) + 2)) + 6?
5
(-1 + 5 - -1) + (5 - 12)
-2
Calculate -2 - (5 + -1 + -2 + 0).
-4
Evaluate (-2 - -5) + (-3 - 2) + 2.
0
-48 + 50 + (0 - -1) + -6
-3
Evaluate 4 + -12 + 2 + 3.
-3
What is (-4 - (-2 + 0)) + 7 + -2?
3
Calculate (17 - (-3 + 10)) + 1.
11
Evaluate 3 - (-4 - ((2 - 4) + -3)).
2
Evaluate 5 + -1 + 2 + -3.
3
10 - (7 + (-4 - -1)) - 7
-1
(-3 - -2 - -3) + 1
3
-17 - -20 - (2 - -7)
-6
What is 2 - -2 - (24 + -20)?
0
What is the value of -1 - 0 - (-10 + -3 - -8)?
4
What is -1 + 4 - 0 - 3?
0
-20 + (5 - -2) - -12
-1
Evaluate (-41 - -19 - -25) + (1 - -1).
5
Evaluate -4 + 5 + (-3 - -1).
-1
Calculate 1 - (-2 - (3 + -1) - -2).
3
Evaluate 17 + -22 + 11 + 5.
11
What is -3 + -5 + 4 + -1?
-5
Evaluate 4 - (0 + 2 + 2 + -7).
7
What is the value of 8 - 7 - (0 + 3)?
-2
Evaluate -2 - -8 - 10 - (3 - 1).
-6
What is 22 + -4 + 3 - 12?
9
16 - 4 - (-17 + 23)
6
What is -4 + -2 + 8 + -4?
-2
-11 - (-11 + 12 + -10)
-2
(0 - 3) + (0 - -2)
-1
Evaluate 0 + (-22 - -14 - -18).
10
(4 - -9) + -11 - 8
-6
(-21 + 41 - 13) + 0 + -3
4
What is the value of 2 + 0 - (-5 - (-7 + 1))?
1
Evaluate (-4 - (-1 + 0)) + 1 + 1.
-1
-13 + (7 + 3 - 4)
-7
3 + (-13 - -4) - (-11 + 10)
-5
18 + -18 - (1 + -4)
3
What is 2 - (1 + -2) - (1 + -3)?
5
-1 - 3 - (7 - (3 - -3))
-5
2 - ((7 - 2) + -1)
-2
What is the value of 2 + 3 + (5 - 3 - 3)?
4
What is 6 + (-2 - (2 - 1))?
3
Calculate 12 + -26 - -6 - (-8 + -2).
2
Calculate -6 - (4 + (5 - 17) + 3).
-1
-1 - (1 - -3 - 3 - 2)
0
What is the value of 3 + 1 - (20 + (0 - 16))?
0
-8 - (-1 - (5 - 2) - 2)
-2
Calculate 1 + -2 - (6 - 16).
9
Calculate 0 + 4 - (13 + 7 + -17).
1
((2 - 0) + 2 - 2) + -7
-5
Calculate (-27 - -39) + (-4 - 2) + -3.
3
-5 + (-5 - (-3 - (4 + -2)))
-5
What is the value of 71 + -84 + 14 + 1?
2
(29 - 23) + (0 - -1)
7
-1 + 2 - (2 + -3) - 0
2
Evaluate (-8 - -9) + -1 + 2 - 2.
0
Calculate 0 - -1 - (1 + 5 + -3).
-2
2 - 4 - -11 - (3 + 1)
5
What is -6 + 9 + -6 + -1?
-4
What is -1 + -2 - (41 + -52)?
8
Calculate -7 - ((-5 - (6 + -9)) + -2).
-3
What is (-2 - (-10 + 4 + 3)) + 0?
1
3 - 1 - (1 + 2)
-1
Evaluate (-2 - 2) + (-3 - -4).
-3
-6 + 2 + (5 - (4 + -2))
-1
What is the value of 1 + (2 - 1 - (-17 - -20))?
-1
9 - 0 - (-16 - (-43 + 20))
2
What is 3 + -1 - 12 - -6?
-4
What is the value of 1 + -2 + -3 + 4?
0
12 - (6 + -10 - -7)
9
What is the value of 0 + (-5 - (-2 - -2))?
-5
2 - 0 - (-4 + (3 - -3))
0
What is 7 + 4 + -13 + -4?
-6
Calculate (-5 - (6 + -14)) + -4.
-1
What is -8 - -13 - (2 + 3) - -9?
9
What is the value of 2 - (0 - (5 + -4))?
3
Calculate (4 + -5 - -2) + -4.
-3
What is -6 + 9 + 6 + -4?
5
What is the value of 1 - 5 - (201 + -209)?
4
Evaluate -7 + 2 + (13 - 4).
4
What is the value of 1 - (1 - 1) - -2?
3
Evaluate -3 + 2 + -1 + 1.
-1
0 + (4 - 1) + -8 - -4
-1
Evaluate 2 + 0 + -3 + -4.
-5
What is -6 + (-5 - -3 - -1 - -3)?
-4
6 - (-7 + 5) - 6
2
Evaluate 7 - (-6 - -23) - -6.
-4
Evaluate (-2 - 0) + 3 + (10 - 12).
-1
What is the value of 8 - (-3 - (2 - 8) - -2)?
3
What is the value of 8 + -9 + 9 + -15?
-7
Calculate -10 - -2 - 1 - (-4 - 0).
-5
What is the value of 2 - (-4 + 0 + 11) - -2?
-3
Evaluate (1 + 3 - 1) + -74 + 71.
0
What is -2 + -1 - (5 + -5)?
-3
-1 + (-6 - -10) + 2 + -12
-7
3 - (2 + 3 + -2)
0
Calculate 8 + -8 + -11 + 10.
-1
What is (7 - 10) + 8 + -1?
4
Evaluate -8 - 3 - (-23 + 5).
7
7 - (-2 + 4 + -1 + -1)
7
Evaluate -8 - -9 - (-3 + 2 + 1).
1
-4 - (-4 + -4) - -1
5
What is (12 - 13 - -13) + -4?
8
Evaluate 1 + -2 + 1 - (-27 - -26).
1
What is -10 - (3 - 1) - -6?
-6
What is (-15 - -15) + (0 - (2 + 0))?
-2
Evaluate (6 - (-1 + -5)) + -7.
5
What is the value of 2 + 7 + -7 - 7?
-5
What is the value of 10 + -21 + 24 - (0 + 5)?
8
What is the value of -8 - -15 - (-4 + 16 + -7)?
2
-1 + 11 - 28 - -14
-4
Evaluate (15 - 8 - 11) + 0.
-4
What is the value of 6 + (-5 - -1) + 2?
4
Calculate (-8 - (-6 - 8)) + -7.
-1
-2 + -4 + (-1 - -5)
-2
Calculate -7 + 7 - -6 - (-2 + 4).
4
What is the value of -11 + 2 + 1 + (7 - 8)?
-9
Evaluate -3 - 1 - (2 - 10).
4
Evaluate 12 - 14 - (-1 - 2).
1
Calculate 7 - (2 - -12 - 8).
1
Evaluate 5 - (2 - (6 + -6)).
3
What is 9 + 8 + -10 + -4?
3
Evaluate (-4 - (-2 - -4)) + 2.
-4
What is (16 - 13) + 0 + -4?
-1
Evaluate -5 + (-2 - (1 + (-5 - -1))).
-4
What is 1 - (2 + -6) - (-2 - -4)?
3
What is 1 + (-1 - -2) + 8 + -9?
1
Calculate -2 - ((-1 - 0) + -5).
4
What is the value of 13 - (-5 - -8 - -5)?
5
Calculate -4 + 2 - (-37 + 35).
0
1 + 1 + (-9 - (-10 + 11))
-8
Calculate 7 + (0 + -3 - 2) - -3.
5
What is the value of (4 - -2) + (-10 - (-9 - -9))?
-4
Evaluate -8 + (41 - 25 - (0 + 3)).
5
What is -8 - 6 - (-15 + -5)?
6
Evaluate (7 - 12) + (0 - 2) + 4.
-3
Calculate 0 + 9 + (84 - 94).
-1
What is (4 - (1 - -1 - -6)) + 3?
-1
7 + 3 + -5 + -2 + -2
1
Calculate 5 + (-13 - -3) - (-12 + 1).
6
Calculate 2 + (-3 + 0 + 2 - 4).
-3
Evaluate (0 - -1) + (-8 - -5).
-2
What is -5 + (9 - (21 + -15))?
-2
What is 7 + 4 + (6 - 5) + -6?
6
Evaluate 4 - (3 + -4 + 5).
0
Evaluate 8 - -5 - (13 + 9).
-9
Evaluate 1 - (-6 + 9) - -6.
4
Evaluate (-6 - -5 - 1) + (-4 - -4).
-2
What is the value of -1 - (-4 - -7) - -5?
1
What is -14 + 44 + -6 + -14?
10
-5 + -1 - 3 - -4 - -11
6
What is the value of 3 + -2 - (0 - -4)?
-3
What is (1 - -2) + (1 - (7 - 3))?
0
What is -1 + 1 + -5 + 3?
-2
Calculate 44 + -49 + 3 + -1.
-3
-26 - -22 - (0 + -14 + 3)
7
What is the value of -24 + 21 + -2 + 13 - 8?
0
-5 - (-1 + 3 - 4)
-3
-5 - -2 - (-15 + 10)
2
Evaluate 0 + (-9 - -4) - (-9 + 5).
-1
2 + (-1 - 5) + (3 - 4)
-5
What is (2 - 0) + -4 - (-9 - -1)?
6
9 - (-1 + -7 + 5 - -7)
5
0 - (-8 + 12 - (-1 - 2))
-7
Evaluate 6 - (5 - 5 - (-1 + -2)).
3
What is the value of 0 + 7 + 4 + -15?
-4
What is 1 + (7 - 9) + 7?
6
Evaluate (-2 - 2 - -9) + -2.
3
1 + 0 + 1 + 1
3
What is the value of 3 - (14 - 1 - 10)?
0
What is the value of -7 + (4 - (-6 + 4 + 1))?
-2
Evaluate (3 - (1 + -4)) + 15 + -20.
1
Calculate -3 + -1 + 4 + -7 + 6.
-1
Calculate -3 + 0 + -2 - (38 - 39).
-4
What is 3 + (-3 - (-2 + -3)) + 0?
5
Calculate 2 + -2 + 13 + (-7 - -1).
7
What is the value of 1 + 7 - (0 + (-2 - -6))?
4
Evaluate (-2 - -1) + (9 - 9).
-1
What is the value of 0 - (4 + 1) - (-295 + 291)?
-1
Calculate -1 + 4 + (1 - (5 + -3)).
2
Evaluate -1 + 10 + -1 + -6.
2
What is (2 - -3) + (-2 - -2)?
5
What is (8 - 3) + 9 + -15 - -1?
0
Calculate -1 - ((-18 - -20) + 0 + -1).
-2
What is (-8 - -9) + (0 - -2) + 